osite number?
False
Is 5188075433 a composite number?
False
Is 4294985987 a composite number?
False
Is 1410097009 a composite number?
False
Is 21574358623 a composite number?
True
Is 4851147131 a composite number?
False
Is 2217747253 a composite number?
False
Is 323008981 a prime number?
True
Is 605783413 a prime number?
False
Is 313144874759 a prime number?
True
Is 884150947 a prime number?
True
Is 31700490931 prime?
True
Is 765093209 composite?
False
Is 75008397 prime?
False
Is 15447275269 prime?
True
Is 1568283781 a composite number?
False
Is 775690963 composite?
False
Is 521733959 a composite number?
True
Is 24613848557 prime?
True
Is 2285123513 a composite number?
True
Is 143026636097 a prime number?
False
Is 890933765 a prime number?
False
Is 31980093469 composite?
False
Is 548906933 composite?
True
Is 17366365183 prime?
False
Is 1374080107 prime?
True
Is 867267508687 a composite number?
False
Is 850301867 a composite number?
True
Is 10153590197 prime?
True
Is 809026193 composite?
False
Is 1206354107 composite?
True
Is 9611187617 a composite number?
True
Is 68428042861 prime?
True
Is 354184141 a composite number?
True
Is 1503183239 a composite number?
True
Is 284492113 a composite number?
False
Is 1532503589 a prime number?
False
Is 623637167 a composite number?
True
Is 1648175413 composite?
False
Is 752408985095 a prime number?
False
Is 28277423661 a prime number?
False
Is 24728260211 a composite number?
True
Is 3301218523 prime?
True
Is 1832392109 a prime number?
True
Is 11836335989 prime?
True
Is 6068691319 composite?
False
Is 24330388557 composite?
True
Is 581755157 a prime number?
True
Is 2284621489 a prime number?
True
Is 27488246299 a composite number?
False
Is 3874764461 composite?
False
Is 25966581 prime?
False
Is 2868291301 a prime number?
True
Is 2677440371 composite?
True
Is 236025571 prime?
False
Is 770086649 a prime number?
True
Is 1027994923 prime?
False
Is 3576718619 prime?
True
Is 5527692197 a composite number?
False
Is 7974698014 prime?
False
Is 14380896539 a prime number?
False
Is 526431887 a prime number?
True
Is 371743013 prime?
True
Is 72304083739 composite?
True
Is 29931155643 prime?
False
Is 1425655171 a prime number?
True
Is 7134746887 a composite number?
False
Is 63787956413 prime?
True
Is 3073624351 prime?
False
Is 554539019 prime?
False
Is 508027379 composite?
False
Is 88328501 prime?
True
Is 62823470509 a composite number?
False
Is 481080854 composite?
True
Is 1616197909 composite?
False
Is 121462967 a composite number?
True
Is 3545888113 composite?
False
Is 155559307 prime?
True
Is 306526411 a composite number?
True
Is 3754906619 prime?
True
Is 6875703349 prime?
False
Is 5029350587 composite?
True
Is 1868915357 prime?
True
Is 11176520881 composite?
True
Is 228688597717 a composite number?
True
Is 36856765271 composite?
False
Is 43382584123 composite?
True
Is 19503226193 a composite number?
True
Is 144583415813 composite?
False
Is 1872101903 a composite number?
True
Is 2695941681 a composite number?
True
Is 111732631 prime?
True
Is 238608225509 composite?
True
Is 1603968265 composite?
True
Is 3309778657 a prime number?
False
Is 37869367 a prime number?
True
Is 214332329 prime?
False
Is 3093340997 composite?
False
Is 54162865649 prime?
False
Is 199271113 a composite number?
True
Is 3881829421 a composite number?
True
Is 1789252991 a prime number?
False
Is 25085790913 prime?
False
Is 29294511331 composite?
False
Is 4047387061 a prime number?
True
Is 185733297773 prime?
True
Is 34910280473 prime?
True
Is 7072494959 a composite number?
False
Is 543222689 composite?
True
Is 1761709651 prime?
False
Is 1659774983 a composite number?
True
Is 1383111022 composite?
True
Is 19149282073 prime?
True
Is 390622921 prime?
False
Is 318483577 composite?
False
Is 93812207 a prime number?
False
Is 12078061487 composite?
True
Is 786369223 prime?
True
Is 1832962127 a composite number?
True
Is 140972491 prime?
False
Is 7674980437 a prime number?
True
Is 595792657 a prime number?
False
Is 3409223903 a composite number?
True
Is 4503551197 a composite number?
False
Is 7753519001 a composite number?
True
Is 2218536491 composite?
False
Is 23457583 prime?
True
Is 2330247653 composite?
True
Is 68849819047 a composite number?
False
Is 1142699057 composite?
True
Is 2946284007 composite?
True
Is 1315412831 prime?
True
Is 19163551571 a composite number?
False
Is 193308161 composite?
True
Is 1253452033 a prime number?
True
Is 172738457 a prime number?
True
Is 2179465469 a prime number?
True
Is 2941083989 composite?
True
Is 65350343 a composite number?
False
Is 938379781 a composite number?
False
Is 305407001 a composite number?
False
Is 1064650399 prime?
True
Is 497818709 prime?
False
Is 41448523153 prime?
False
Is 8617168103 a prime number?
False
Is 893414779 prime?
True
Is 1365086959 a prime number?
True
Is 69421433 a composite number?
True
Is 438710023 a prime number?
True
Is 16218591659 a prime number?
False
Is 2460683833 prime?
False
Is 310822339 a composite number?
True
Is 520293341 prime?
True
Is 728936803 composite?
True
Is 21395678303 composite?
True
Is 3343511 a composite number?
False
Is 7858412281 a composite number?
False
Is 6578624873 a prime number?
True
Is 1134375629 composite?
True
Is 51269955883 composite?
True
Is 128712872839 a composite number?
True
Is 690506869 prime?
False
Is 28143980587 composite?
False
Is 2218568173 prime?
True
Is 697569133 a prime number?
True
Is 140236800215 prime?
False
Is 588091709 a prime number?
False
Is 758833294 a composite number?
True
Is 281094859 prime?
True
Is 680201017 composite?
False
Is 20645167381 a composite number?
False
Is 14443172503 a prime number?
True
Is 1590354167 a prime number?
True
Is 16222914931 a prime number?
True
Is 52264797423 a composite number?
True
Is 116896446419 a prime number?
False
Is 60502174651 composite?
False
Is 2116642699 a composite number?
True
Is 678953883 a composite number?
True
Is 2835276757 composite?
False
Is 7391824579 composite?
False
Is 8880466997 a composite number?
False
Is 3040237741 a composite number?
False
Is 650252587 a prime number?
False
Is 34634254273 composite?
True
Is 8445571 a prime number?
False
Is 12634070569 composite?
False
Is 1526495497 a prime number?
False
Is 4577933579 a composite number?
True
Is 66104120273 prime?
False
Is 2956033435 prime?
False
Is 41128363 a composite number?
True
Is 6703374037 a prime number?
True
Is 2688689803 composite?
False
Is 4414393073 prime?
False
Is 120853207 prime?
True
Is 88171621 composite?
False
Is 1326267991 prime?
False
Is 704698859 prime?
True
Is 5359902182 prime?
False
Is 1821938039 composite?
False
Is 1738389593 a composite number?
False
Is 57997663 prime?
True
Is 1653083371 a prime number?
True
Is 2398978279 composite?
True
Is 15889382291 a prime number?
True
Is 17354066897 a composite number?
True
Is 26127897 composite?
True
Is 65056555301 prime?
True
Is 24499253 composite?
True
Is 193703698813 a prime number?
True
Is 1075083799 a prime number?
False
Is 370247393 prime?
True
Is 456921041 composite?
False
Is 701581571 composite?
True
Is 3588271343 a prime number?
False
Is 185924387521 a composite number?
False
Is 135903095453 a prime number?
True
Is 240118411595 a prime number?
False
Is 1693356107 prime?
False
Is 462392837 a prime number?
True
Is 16120890593 composite?
True
Is 21335793995 a prime number?
False
Is 3125734319 composite?
True
Is 299977943 a composite number?
True
Is 11031964477 prime?
True
Is 423799093 prime?
True
Is 16094810201 a composite number?
False
Is 20024533499 prime?
True
Is 940633721 prime?
False
Is 80070869447 a prime number?
False
Is 488907049 composite?
False
Is 8889914087 composite?
True
Is 111797593469 composite?
True
Is 4014200977 a composite number?
False
Is 1648713119 composite?
False
Is 4567091203 a composite number?
False
Is 2720607 a prime number?
False
Is 5742903599 composite?
True
Is 212765130103 prime?
True
Is 28658554499 a composite number?
True
Is 1674299482 composite?
True
Is 37450997119 composite?
False
Is 110551734497 a composite number?
False
Is 836177651 prime?
True
Is 890046571 composite?
True
Is 993377953 a prime number?
True
Is 179154947 a prime number?
False
Is 1126927255 composite?
True
Is 9273715691 a composite number?
False
Is 4983822